 + 177 = 5*z + h, 103 = z + 5*h. Calculate the greatest common divisor of 18 and z.
6
Let h be -1 + 4 + 36/4. Suppose -h = -l + 33. What is the highest common divisor of 9 and l?
9
Let j = -1025 + 1034. What is the greatest common divisor of j and 9?
9
Let r(a) = 9*a**2 + 26*a + 152. Let b be r(-6). What is the highest common divisor of b and 224?
32
Let z be (18/10 + -1)*-10. Let g = 11 + z. Suppose 2*s + s + 4*n - 244 = 0, g*n + 397 = 5*s. What is the greatest common divisor of s and 10?
10
Suppose -4*t + 5 + 3 = 0. Let d be 3/t + 27/2. Let l be 14/(-21)*d/(-1). Calculate the highest common divisor of 70 and l.
10
Let g(z) = -z**2 + 15*z - 36. Let t be g(4). Suppose 0 = -5*i + 30 + 10. What is the greatest common factor of t and i?
8
Suppose -x + 122 = x. Let a = x - 53. What is the highest common divisor of a and 40?
8
Suppose -3*g + 5*s = -g + 30, -3*g - 19 = -s. Let a = g + 13. Suppose 0 = 4*y + 40 - 88. What is the greatest common divisor of a and y?
4
Let j = -1676 + 1757. What is the highest common factor of j and 297?
27
Suppose 28 = 6*p - 2*p - 4*s, 4*p - s - 13 = 0. Suppose -17 = -p*d - 5*g, 5*g = -3*d + 13 + 5. What is the highest common divisor of 9 and d?
1
Let m(t) = -6*t**3 + t**2 - t + 1. Let n be (1 - 0) + -7 + 7. Let u be m(n). Let b be ((-44)/u)/(6/15). Calculate the greatest common factor of 2 and b.
2
Suppose 3*s - 5*s = o + 225, -2*s - 229 = -3*o. Let p = s - -118. Let i be 4/(-14) - (-16)/7. Calculate the highest common factor of p and i.
1
Let d(f) = 2*f**2 - 2*f. Let g be d(2). Let l be (4/10)/(2/20). Suppose -3*c + l*v = -144, -9 + 6 = v. Calculate the highest common factor of c and g.
4
Suppose -59 = -i - 3*y - 20, 155 = 5*i + 5*y. Let x = i - 20. Let a be x - -3*4/3. Calculate the greatest common factor of 1 and a.
1
Let i be (4/(-1))/((-4)/62). Let c = i + -46. Calculate the highest common divisor of c and 4.
4
Let p(k) = -169*k + 3. Let i be p(-7). Suppose 4*b = i - 430. Calculate the greatest common divisor of b and 27.
27
Suppose 5*a + k - 15 = 0, -2*k - 3*k = a - 3. Suppose -4*d - 45 = -5*q + d, -5*d = a*q - 19. Calculate the highest common divisor of 1 and q.
1
Suppose -3*n + 1 = 2*b + 5, 3*n - 11 = b. Let j be 13 + 2/(-5) + (-12)/b. Calculate the highest common factor of 75 and j.
15
Let z(s) = s**2 + 4*s + 187. Let h be z(0). Calculate the highest common divisor of h and 11.
11
Suppose 2*l - 5*y = 78, -4*y + 25 = l - 3*y. Let n = 99 + -52. Let h = n - l. What is the greatest common factor of h and 12?
6
Let k be (1/(18/81))/(3/8). Let m(l) = -15*l + 3. Let a be m(-3). What is the highest common factor of k and a?
12
Let i = 1786 - 1474. What is the greatest common factor of i and 96?
24
Let p(y) = -y**3 - 8*y**2 - 8*y - 9. Let h be p(-6). Let m = -23 - h. What is the greatest common divisor of m and 10?
10
Let i = 3 + -14. Let h = -4 - i. Suppose -1 = -2*l + h. What is the greatest common factor of l and 16?
4
Let f(q) = -5*q**2 + 11*q**2 + 7 - q**3 - 2 + 2*q + 0. Let x be f(5). Calculate the greatest common factor of 360 and x.
40
Let n(q) = -q**2 + 7*q - 2. Let j be n(5). Let f = j + 1. Let b = 263 + -164. What is the highest common factor of b and f?
9
Let v = 12 - 8. Suppose -v*z = 8 + 12, 0 = 3*g + 2*z - 56. Let d be (-5 - -6) + (60 - 6). What is the highest common divisor of g and d?
11
Suppose 0 = -3*t + 5*h + 158 + 17, -5*t + 329 = h. Suppose -3*z + 7*z = 8. Let v = 11 + z. What is the highest common divisor of t and v?
13
Let l(v) be the first derivative of -v**2 + 5*v + 35. Let z be l(-1). Calculate the highest common divisor of z and 49.
7
Suppose 3*s = 3, -62*s + 254 = j - 58*s. What is the highest common factor of j and 75?
25
Let u = 2 + -2. Let a be (-316)/(-32) - (-5)/40. Suppose u = -5*o - 5 + a. Calculate the highest common factor of o and 4.
1
Let i(g) = 3*g - 12. Let l be i(4). Let q be 1 + -2 + (-1 - l) + 58. What is the greatest common divisor of 8 and q?
8
Suppose r + 310 = 6*r. Calculate the highest common factor of 1705 and r.
31
Let r(q) = -26*q. Let s be r(-2). Suppose 0 = -4*y + 116 + s. Let u(h) = -2*h**2 - 70*h - 580. Let w be u(-19). What is the highest common factor of w and y?
14
Let k be -4 - -3 - (1 - 7). Suppose k*i = -1 + 46. Suppose 12*l - 97 = -25. What is the greatest common factor of l and i?
3
Let b be 20 - (12/(-30) + (-24)/(-10)). Let q be 1/(-1 + 381/378). What is the greatest common factor of b and q?
18
Let y(v) = -v + 2. Let b be y(-7). Let w be ((-144)/b)/(1*-1). Let a be ((-160)/(-12))/((-1)/(-6)). Calculate the greatest common factor of a and w.
16
Let r = -5 - -11. Suppose -19*p = -9*p - 90. Calculate the highest common factor of p and r.
3
Suppose -89*h + 78*h = -242. Calculate the highest common divisor of h and 11.
11
Let m be 15/2 - 3/(-6). Let t be (10/m)/((-6)/(-48)). Suppose n - 7 - 3 = 0. What is the highest common factor of n and t?
10
Let c be ((-2366)/52)/((-2)/4). Calculate the greatest common divisor of 377 and c.
13
Let g = 6 + -4. Let w = -205 - 7. Let n = 218 + w. Calculate the greatest common factor of g and n.
2
Let v be 0 + 2 + 9 - 2. Let j be (1 - 4)/(-4 - (-77)/21). Calculate the highest common factor of v and j.
9
Let t = 536 - 479. What is the greatest common divisor of 741 and t?
57
Let z be 1 - (4 - (-35)/(-7)) - -534. What is the highest common divisor of 8 and z?
8
Suppose -8*u + 30 - 6 = 0. Suppose -75 = u*m - 4*m. What is the greatest common divisor of m and 30?
15
Let y = 157 + -147. What is the greatest common factor of 30 and y?
10
Let s = 1489 - 1423. Calculate the greatest common divisor of 638 and s.
22
Let r(o) = o**3 + 3*o**2 - 8*o - 20. Let q be r(5). Calculate the highest common factor of q and 224.
28
Let u = 801 + -738. What is the greatest common divisor of u and 399?
21
Let d be 0*(-3)/3 + 24. Let x = d - 13. Suppose 7 = r - x. Calculate the greatest common factor of 9 and r.
9
Suppose 17640 = 97*z + 8*z. Suppose -d = 3*j - 4*d - 138, j + 4*d = 26. Calculate the greatest common factor of z and j.
42
Let b be 4*(-8 + 6 - -31). Calculate the highest common divisor of b and 58.
58
Suppose 0 = 54*b + 2*b - 5152. What is the highest common factor of b and 4?
4
Let p(w) = 55*w. Let y be p(4). Suppose -6*k = -2*k - y. Suppose -5*h + 110 = -k. Calculate the greatest common factor of 22 and h.
11
Let k = 0 + 9. Suppose 2*j + f = k, j + 0*j - 5 = -f. Let c = -4 - -5. What is the highest common factor of j and c?
1
Suppose 0 = -4*f + 2*l + 110, 0 - 135 = -5*f + 3*l. Calculate the highest common divisor of f and 810.
30
Suppose -2*j = 965 - 971. Calculate the highest common factor of j and 201.
3
Let p = -5 - -7. Suppose -5*f + 81 - 13 = p*m, 0 = 5*m + 5*f - 140. Let x be (-3)/(m/68)*-2. Calculate the highest common factor of 153 and x.
17
Let z be -3 + 3 + (208 - 2). Let l be (-4)/(-14) - z/(-14). Calculate the greatest common factor of l and 30.
15
Let w(b) = 0*b - b**2 + 8 + 2*b - 1 - 1 - b**3. Let l be w(-5). Let v = -1054 + 1066. Calculate the highest common divisor of l and v.
12
Suppose -101 = -3*o - 86. Suppose o*f = 2*w + 227, -5*f = -w + 4*w - 247. What is the greatest common factor of f and 235?
47
Let h be 9 + -10 + -4 - -121. What is the greatest common divisor of 4 and h?
4
Let z = 108 + 340. What is the highest common divisor of z and 48?
16
Let m be (-22)/(-2)*(-3 + (-32)/(-4)). Suppose 3*k - m = -2*r - 20, -5*r = -3*k - 77. What is the highest common factor of r and 16?
16
Let i(z) = 12*z + 670. Let u be i(-45). What is the greatest common factor of u and 585?
65
Let t be (5/2)/((-3)/(-6)). Suppose 2*u = -3*x + 20, t*x + u = 5*u + 4. Suppose -p = -6 - x. What is the highest common factor of 110 and p?
10
Let s(n) = -11*n. Let t be s(-5). Suppose 3*c - 95 = 5*w, 0*c - 3*c - 81 = 3*w. Let o be 1/(-2*1/w). What is the highest common divisor of t and o?
11
Let f = 474 + -106. Calculate the highest common divisor of f and 32.
16
Let h = 818 - 817. What is the greatest common factor of 3 and h?
1
Let q be ((-5)/15)/(-2 + (-34)/(-18)). Suppose -70 + 304 = q*n. What is the greatest common divisor of n and 52?
26
Suppose 0 = -2*l + 4*f + 10, -l + 5*f + 11 = -0*l. Suppose 24 = 2*i - 5*i. Let q be ((-6)/i)/((-9)/(-60)). What is the highest common factor of q and l?
1
Let i = 50 + -4. Let t = 1 - -1. Suppose 0 = t*o